d 99?
9
Let w = -25 + 26. Calculate the greatest common factor of w and 9.
1
Let i = 22 + -21. What is the greatest common factor of i and 8?
1
Let y(o) = -o**2 - 29*o - 36. Let f be y(-27). Calculate the highest common divisor of f and 12.
6
Suppose 3*o + 12 = 0, -3*t - 2*o + 0*o = -22. Let x be (-3)/(-4) + 6905/20. Let v = -246 + x. Calculate the highest common divisor of t and v.
10
Suppose -5*q - 9 = 4*k, k + 5*q = -25 + 4. Let j(m) = 19*m**2 + 0 + 5*m - 8*m**2 + 2 - k. Let z be j(-4). Calculate the highest common divisor of z and 14.
14
Let o = 1 + 2. Let m be 1 + -2 + 2 - (-11 + 0). What is the highest common divisor of o and m?
3
Let p = -64 + 118. What is the greatest common factor of p and 6?
6
Let h = -9 - -13. Suppose -3*c = -h*c + 50. What is the highest common factor of 20 and c?
10
Let s be 20*1*6/(-5). Let m = -12 - s. Suppose -f + 51 = -m. Calculate the greatest common factor of 9 and f.
9
Let y(c) = 2*c**2 - 73*c + 64. Let f be y(36). Let i(v) = v**2 - v - 5. Let s be i(4). What is the highest common factor of f and s?
7
Let j = -6 - -7. Suppose -5*b + 3*r + j = 3, -3*r + 8 = -2*b. What is the highest common divisor of b and 3?
1
Let g = -2 + 3. Let d(p) be the first derivative of p**2/2 + 3*p - 1. Let s be d(0). Calculate the greatest common divisor of g and s.
1
Let l = 6 + 18. Calculate the greatest common factor of 6 and l.
6
Suppose 474 + 65 = 11*a. What is the greatest common factor of a and 14?
7
Suppose 2*w = -3*n - 2*w + 89, -2*n + 50 = 5*w. Calculate the highest common factor of n and 7.
7
Suppose 0*z - 2*z + 12 = 0. Calculate the highest common divisor of z and 4.
2
Let s = 8 - 4. Let w(v) = -2*v + 1. Let c be w(-2). Let b(n) = n**3 - 3*n**2 - 5*n - 5. Let z be b(c). Calculate the highest common divisor of z and s.
4
Suppose 2*i - 38 = -0*i. What is the greatest common divisor of 152 and i?
19
Suppose 4*f = 2*v + 88, -3*f + 73 = -3*v - 2*v. Calculate the greatest common factor of f and 189.
21
Suppose -14 = -31*n + 29*n. Suppose -4*v + 3*v - 37 = g, -3*v - 12 = 0. Let u = g + 89. What is the highest common divisor of u and n?
7
Let s be (-120)/(-2) - 9/(63/28). Calculate the highest common divisor of 42 and s.
14
Let k be ((-96)/(-56))/((-2)/(-21)). Let p(x) = 31*x + 7. Let v(j) = 4*j + 1. Let g be v(1). Let u be p(g). What is the highest common factor of u and k?
18
Suppose -q + 4 = 0, 19 = x - 0*x - 5*q. Suppose -12 = -3*b, 16 = -8*w + 3*w - b. Let g be w/(-2)*(-39)/(-3). Calculate the greatest common divisor of x and g.
13
Suppose -28 - 12 = -5*h. Suppose -3 = 5*c - 8. Calculate the greatest common factor of h and c.
1
Suppose -2*n + 4*u + 12 = 0, 2*n + 2 - 15 = 3*u. Let l be (-12)/n - 266/(-4). Calculate the highest common factor of 13 and l.
13
Let d(u) = 2*u**2 + 2*u - 3. Let z = -6 - -9. Let m be d(z). Calculate the highest common factor of 7 and m.
7
Let p(h) = h + 20. Let q be p(-6). What is the greatest common factor of q and 21?
7
Let l = 93 + -87. Calculate the highest common factor of l and 3.
3
Let z(k) = -k**2 + 4*k + 9. Let r be z(5). Suppose 0*u + r*u = 104. What is the greatest common divisor of u and 39?
13
Let u(r) = r**3 + 14*r**2 - 2*r + 8. Let k be u(-14). Let w be (2 - 7) + 2 + k. What is the greatest common factor of w and 3?
3
Suppose -w - 2*w = -6. Suppose 4*g - 18 = w*g. Calculate the greatest common factor of g and 81.
9
Let y = 22 + -14. Suppose 0 = 4*w + v + 5 - 0, 3*v = -3*w - 15. Let p be 2 - (w + -1 - 5). What is the greatest common factor of y and p?
8
Let n = -2 + 0. Let u(g) = -5*g**2 - 3*g. Let m be u(n). Let j be (-192)/m - (-8)/28. Calculate the highest common divisor of j and 42.
14
Let w(h) = -2*h + 2. Let z = -8 - -4. Let r be w(z). What is the greatest common divisor of 25 and r?
5
Suppose 5*h + 42 - 17 = 0. Let w be ((-2)/h)/(8/280). Calculate the highest common factor of w and 70.
14
Let u(t) = t**2 - 4*t - 2. Let q be u(5). Let w be (3/(-3))/(q/(-54)). What is the greatest common divisor of 54 and w?
18
Let o = 8 - 13. Let l(m) = 4*m**2 + m - 5. Let r be l(o). What is the highest common factor of 10 and r?
10
Let g(i) = i**2 + i + 15. Let b = -10 + 10. Let y be g(b). What is the greatest common factor of 120 and y?
15
Let v(r) = -5*r - 9. Let l(t) = -t**3 - 4*t**2 + 7*t + 1. Let z be l(-5). Let f be v(z). What is the highest common divisor of 24 and f?
12
Let j(d) = 3*d + 2. Let x be j(2). Suppose -o = 2*n + 60 + 68, -120 = 2*n + 3*o. Let i be (4/6 + -2)*n. What is the highest common divisor of x and i?
8
Let l = 15 - -1. What is the greatest common factor of l and 8?
8
Let v = 20 + -8. What is the highest common divisor of v and 8?
4
Suppose -4*v - 4*k - 13 = -5*v, -v + 13 = -2*k. Let t = 37 - v. Suppose 5*c - 47 = 13. What is the highest common factor of t and c?
12
Suppose 334 = 3*d + 70. What is the highest common factor of d and 8?
8
Let k be (-1)/(-3) + (-44)/6. Let f = k + 23. Let p = -23 + 63. What is the highest common divisor of f and p?
8
Let b be -1 - -1 - 18/(-3). Let w be 10 - 3/b*0. Let j be 15/1 + 0/2. What is the greatest common factor of j and w?
5
Let i be (-4)/(-4) - (-3 + 2). Suppose -4*s + 37 + 27 = 0. What is the highest common factor of i and s?
2
Suppose 4*p - 4*g = 64, 0 = 3*p + p - 3*g - 66. What is the greatest common factor of 90 and p?
18
Let l be 212/6 + (-2)/6. What is the highest common divisor of l and 7?
7
Suppose 0*i - 66 = -l - 5*i, 2*l = i + 77. Calculate the greatest common factor of 164 and l.
41
Suppose f - 3*v - 2*v = 3, v - 96 = -4*f. Calculate the highest common divisor of f and 299.
23
Suppose -6 = 5*s - 31. Suppose a = -s*r + 3*a + 56, 20 = 2*r - 2*a. Let h be (216/10)/(1/5). Calculate the greatest common factor of h and r.
12
Suppose 3*o + 0*o - 195 = 0. Suppose o = 4*z + z. Suppose 2*h = 7 + z. What is the greatest common factor of h and 15?
5
Let d(k) = k**2 - 6*k + 2. Let r be d(6). Suppose r*n = 7*n + 50. Let u = 0 - n. What is the greatest common divisor of u and 30?
10
Suppose 0*l = 3*l + 36. Let t = -22 - l. Let q be (-42)/t + (-2)/10. What is the highest common factor of 1 and q?
1
Let n = -22 + 44. Let w be (2/3)/((-4)/(-12)). What is the highest common factor of n and w?
2
Let n(p) = p**2 + p + 36. Let y be n(0). Suppose 0 = -3*l + 6*l - 2*g - 111, 0 = -l + g + y. What is the highest common divisor of 13 and l?
13
Let v(s) = 3*s**2 - 8*s - 1. Let d(y) = -4*y**2 + 8*y + 1. Let j(t) = -2*d(t) - 3*v(t). Let m be j(6). What is the highest common factor of 52 and m?
13
Let q = 182 + -119. Let o(g) = -2*g - 15. Let m be o(-11). What is the greatest common divisor of q and m?
7
Let z be (-2)/4 - 101/(-2). Suppose 3*f + 52 = 4*g - 34, 0 = -5*g - 4*f + 92. What is the greatest common factor of g and z?
10
Suppose 3 = 5*b - 2. Let r(c) = 75*c**2 + c - 1. Let m be r(b). Suppose 112 = 3*s - l, 5*s + 2*l + m = 247. Calculate the highest common factor of s and 54.
18
Let r be ((-12)/(-6))/(2/4). Suppose 5*h = -r*x - 1 - 2, 0 = -h - 4*x - 7. Let d be 4/(1 + 1) + 1. Calculate the highest common divisor of d and h.
1
Let d be (-3)/2*68/(-3). Calculate the greatest common divisor of d and 51.
17
Let w be 375/5 - (-4)/12*3. What is the highest common factor of w and 19?
19
Let a(v) = v**3 - 30. Let l be a(0). Let d = 3 - l. Let k be (-3)/(-2)*(-5 - -7). Calculate the greatest common factor of d and k.
3
Let t be (-3 + (-1)/3)*(-24)/40. Calculate the highest common divisor of t and 1.
1
Let u(n) = -n**3 - 12*n**2 + 12*n - 8. Let k be u(-14). Calculate the highest common divisor of 36 and k.
36
Let n(y) = y**3 - y**2 + 8*y - 5. Let b be n(7). Let r = -215 + b. What is the highest common divisor of 13 and r?
13
Let h be (-6)/2*(1/(-3))/1. What is the greatest common divisor of h and 9?
1
Suppose 4*o + 1083 = 5*z - 2325, -4*z - 3*o = -2745. Suppose 0 = -9*h + 13*h - z. Calculate the highest common factor of 19 and h.
19
Let i be 13/(52/144) + -4. Let v = 8 + -4. Calculate the greatest common divisor of v and i.
4
Suppose 2*b - 98 = -4*u - 10, -5*u + 115 = 5*b. Let k = u - 11. Suppose 155 = 3*g - 85. What is the highest common factor of g and k?
10
Let i = -19 - -47. Let l = i - 21. What is the greatest common divisor of 7 and l?
7
Let q(n) = n**3 + 9*n**2 + 4*n + 8. Let o be q(-9). Let u = o - -67. Calculate the greatest common div